 is the tens digit of h(m)?
1
Let s(m) = -m**3 - 13*m**2 - 12*m + 2. What is the units digit of s(-12)?
2
Suppose -144*l + 146*l - 556 = 0. What is the units digit of l?
8
What is the units digit of (-343)/(-7) - 0/(-1)?
9
Let j be (-4 - -3)*(-11 + 1). Suppose -2*v + 24 + j = 0. What is the units digit of v?
7
Suppose 4*k + 8 = -5*n, -k + 17 = -2*k - 5*n. Suppose -k*o = o. Suppose o = -0*r + 5*r - 35. What is the units digit of r?
7
Let p = -3 - -5. Suppose z = 5*f - 152, 2*f + p*z + 26 = 82. Let v = f - 21. What is the units digit of v?
9
Let u(r) = -r**2 - 7*r - 6. Let d be u(-5). Suppose -g = d*l - 2*l - 16, 4*g = -2*l + 46. What is the units digit of g?
0
Suppose 4*r - 2*s - 34 = 0, 2*s - 36 = -r - 3*s. Let x = -3 + r. What is the units digit of x?
8
Suppose -4*s = -242 + 98. What is the tens digit of s?
3
Suppose n = -3*p - n - 6, -3*n - 9 = -3*p. Suppose 0*u = 4*z + u - 67, -u - 1 = p. What is the tens digit of z?
1
Suppose 0 = -2*k + 5*k - 144. What is the units digit of k?
8
Let x be (-12)/(-9)*(-12)/(-8). What is the units digit of 21*(x/6 + 2)?
9
Suppose -14*z + 16*z = -10. What is the units digit of (-312)/(-20) + (-2)/z?
6
What is the units digit of 237/27 + (-6)/(-27)?
9
Suppose 4*y - y - 180 = 0. Suppose 0*w - w = -2*b - 12, 0 = 5*w - b - y. What is the units digit of w?
2
Let s(w) = -2*w**3 + 3*w**2 - 6*w - 15. What is the tens digit of s(-5)?
4
Let p(o) = -7*o + 5. What is the units digit of p(-4)?
3
Let r be (-67)/(-5) - (-4)/(-10). Suppose 5*d + r + 37 = 0. Let u = d + 16. What is the units digit of u?
6
Let j(i) = -2*i**2 - 137 + 133 + i**3 - i + 4*i + 5*i. What is the tens digit of j(3)?
2
What is the units digit of ((-215)/10 - -2)*-4?
8
Let f = 99 - 58. What is the units digit of f?
1
Let m(w) = -33*w - 35. What is the hundreds digit of m(-5)?
1
Let y(o) = 3*o**3 - 8*o**2 - 2*o + 9. Let c(u) = -2*u**3 + 8*u**2 + 3*u - 8. Let j(p) = 4*c(p) + 3*y(p). Suppose -27 = 3*f - 6. What is the units digit of j(f)?
2
Suppose -4*u + 1429 = 5*q - 0*u, -3*q + 871 = -u. What is the units digit of q?
9
Let s be (3 + 0)*(-8)/(-12). What is the units digit of s/4 - 37/(-2)?
9
Let o = -145 + 148. What is the units digit of o?
3
Let d = 5 - 3. Let q = d + 3. Suppose 0*x = -4*x - 2*n + 22, 4*x - 29 = q*n. What is the units digit of x?
6
Let v(o) = 6*o**3 - 41*o**2 + 36*o - 16. Let s(u) = 3 - 3*u - u - u - u**3 - 2*u + 8*u**2. Let z(g) = -11*s(g) - 2*v(g). What is the units digit of z(-7)?
3
What is the hundreds digit of ((-5)/((-50)/(-4)))/(3/(-2385))?
3
Let b be (0 + 0)*1/1. Suppose 5*k - 3*d = 130, k - 2*d = -b*k + 33. What is the tens digit of k?
2
What is the hundreds digit of (279 - -2) + (-6)/24*-4?
2
Suppose -18 = -y - y. What is the units digit of y?
9
What is the units digit of 40/20 + 0 + 0 + 258?
0
Let v(a) be the first derivative of -a**3/3 - 3*a**2/2 + 2*a + 2. What is the units digit of v(-2)?
4
Let b be (-2)/5 + 172/5. Suppose -4*r - 18 = -2*p, b = 3*p + 3*r - 29. What is the tens digit of p?
1
Suppose 262 = 4*d + 2*w, 5*d - w - 66 = 279. What is the tens digit of d?
6
Suppose -5*m + m = 0. Suppose -3*l + 35 = 2*l. Let z = l - m. What is the units digit of z?
7
Suppose -5*v + 0*r + 320 = -2*r, 2*r = -2*v + 142. What is the units digit of v?
6
Suppose -4*o + 36 = t + 4*t, -20 = -5*o. Let d = 4 - t. Suppose 1 = -3*f - 4*z, 4*f + 5*z = -d*z. What is the units digit of f?
5
Suppose -10 = -3*d - 5*o, -2 = 2*d + o - 2*o. Let a = -18 - d. Let u = a - -25. What is the units digit of u?
7
Suppose -2*s - 3 = 25. Let t = 27 + s. What is the units digit of t?
3
Let h be (-3*1)/(-3) - 0. Let f be 15 + (h - 3) + -1. Suppose 0*v + f = v. What is the tens digit of v?
1
Let u(y) = -y + 94. What is the tens digit of u(0)?
9
Let x(n) be the second derivative of n**5/20 + n**3/6 + n**2 - 2*n. Let h(k) be the first derivative of x(k). What is the units digit of h(-1)?
4
Suppose 0 = -4*n - 5 + 1, 4*n = -t - 1. Suppose -w + t*w = -28. Let p = w + 22. What is the units digit of p?
8
Suppose -i + 3*i = 3*o - 291, -5*o = 5*i - 485. Suppose -4*k + o + 31 = 0. What is the units digit of k?
2
Let i(t) = -2*t**3 + 12*t**2 + 4*t - 3. Let w be i(6). Suppose 0 = -22*b + w*b + 10. What is the tens digit of b?
1
Let q = -24 + 45. What is the tens digit of q?
2
Suppose -5*w = -4*v + 602, 2*v + 0*w - 312 = -3*w. What is the hundreds digit of v?
1
Let a(o) = 2*o - 6. Let h = -3 - -1. Let l be (h - 4)*(-4)/3. What is the tens digit of a(l)?
1
Let m(b) = 2*b - 2. Let d(h) = h - 1. Let t(p) = -3*d(p) + m(p). Let s be t(-5). Suppose 5*i = -z - 3, 16 = 4*z + 3*i - s. What is the units digit of z?
7
Suppose 4 + 1 = w. Suppose 4*s = -5*x + 102, -s + 20 = w*x - x. What is the units digit of s?
8
Let y be (1 + -2)/((-3)/(-63)). Let n = -2 - y. What is the units digit of n?
9
Let k(f) = f**3 - 2*f**2 - 2*f - 2. Let v be k(3). Suppose -l + 4 = 2*n, -n + l = v - 0. What is the units digit of ((-3)/(-3))/(1/n)?
1
Let l(d) = 7*d - 2. What is the tens digit of l(2)?
1
Suppose 3*i - 80 = -0*i + 5*l, 0 = i - l - 24. Suppose 30 = o + 5*y, -o - 4*o = -y - i. Suppose z + 10 - 90 = -o*s, -s - 3*z = -16. What is the tens digit of s?
1
Let n(f) = 8*f**2 - f - 1. Let x(h) be the third derivative of -h**5/60 + h**4/24 + h**3/6 - 2*h**2. Let s be x(2). What is the units digit of n(s)?
8
Suppose 4*p = 4*x - 288, 4*x - 3*x - 4*p = 87. What is the tens digit of x?
6
Let w be (-4)/(-18) - (-50)/18. Let n = 9 - 7. Suppose -w*s + 11 = -n*s. What is the tens digit of s?
1
Suppose 0 = -5*t + 120 + 20. What is the units digit of t - (-3)/6*-4?
6
Suppose k = -4*k. What is the tens digit of (-3)/9*k - -29?
2
Suppose 2*f - 2 = 0, -5*f - 147 = -0*j - 2*j. Suppose -3*l = l - j. What is the tens digit of l?
1
Suppose 0 = -0*u + 4*u - 16. What is the tens digit of 18/((-2)/u*-2)?
1
Let y(z) = z + 2*z + 2*z - z**2. Let o = -10 - -13. What is the units digit of y(o)?
6
Let m(g) = 1 - 3 + g**2 + 2*g + 0*g**2. Let c be m(-3). Suppose 0 = -x + 4 + c. What is the units digit of x?
5
Let f = 4 + 0. Suppose 0 = 4*g - 0*g - f. Let m = 5 + g. What is the units digit of m?
6
Suppose -t + 2*h + 2*h = 0, -2*h = -t. What is the units digit of (-3)/(t - 3)*17?
7
Let h(w) = w**3 - 21*w**2 + 35*w - 8. What is the tens digit of h(20)?
9
Let m(h) = -h**3 - 4*h**2 - h + 2. Let j be m(-4). Suppose 2*v - 4 = j. Suppose -2*p + b + 8 = -p, -4*p + v*b = -28. What is the units digit of p?
2
Let l be 12*((-12)/(-9) + -1). Suppose 5*g = 3*s + l, 2 + 0 = -3*g + 4*s. What is the units digit of g?
2
Suppose -3*n = -3 + 18. Let w(s) = s**2 - s. Let i(p) = 6*p**2 + 2*p + 7. Let u(t) = -i(t) + 5*w(t). What is the units digit of u(n)?
3
Suppose 0*o - 5*o = -100. Suppose 2*s = -2*r - o, 3*r + 3*s - 6*s = -12. What is the units digit of (-1 - r)/(6/9)?
9
Let h = -35 + 25. Let o = 17 + h. What is the units digit of o?
7
Let v(p) = p**3 + 7*p**2 - 7*p + 8. Let s be v(-8). Suppose -2*g + 5*g + 21 = s. What is the tens digit of (-25)/(-10)*(-1 - g)?
1
Suppose -3 + 15 = 4*f. Suppose 0 = l + f*l + 460. What is the units digit of (-2)/7 + l/(-35)?
3
Let v(y) = 9*y + 36. Let b(n) = 5*n + 18. Let t(q) = -11*b(q) + 6*v(q). What is the units digit of t(0)?
8
Suppose 4*p = 512 + 468. What is the units digit of p?
5
Suppose f = 4*o - 32, -6 = f - 2. Suppose 2*g - 37 = -4*r + o, -4*r = -5*g - 30. Let i = r - 6. What is the units digit of i?
4
Let g = -16 + 20. What is the units digit of g?
4
Let u(z) = -z - 1. Let r(h) = h**2 - h + 3. Let g = 5 + -6. Let c(o) = g*r(o) - 4*u(o). What is the units digit of c(5)?
1
Let y(a) = 6*a**3 - 3*a**2 + a - 1. What is the tens digit of y(2)?
3
Suppose 0 = -5*t + t - 12. Let r(l) = -8*l - 4. What is the units digit of r(t)?
0
Let z(b) = b**2 + 6*b - 7. Let p be z(-7). Let g(n) = n + 9. Let y be g(p). Let x(r) = -r**3 + 9*r**2 + 5. What is the units digit of x(y)?
5
Let x = -26 - -71. What is the tens digit of x?
4
Let o be 0 + 2 + -1 + 3. Suppose o*l - 6*l = -18. What is the units digit of l?
9
What is the units digit of (2 + -3 - -180)*(-21 - -22)?
9
Let l = -11 - -15. Suppose l*u + 5*q = 40, 3*q - 17 + 44 = u. What is the units digit of u?
5
Suppose -2*l + 112 = 2*l. Suppose 2*r - l - 10 = 0. What is the tens digit of r?
1
Let q(z) = -3*z - 10. Let c be -4 + (-3 - -3) + 0. What is the units digit of q(c)?
2
Let n 